ds digit of n?
0
Let h = 9380 + -6920. What is the thousands digit of h?
2
Suppose 0 = -8*z + 33063 + 27233. What is the thousands digit of z?
7
Let v(i) = -5*i + 9. Let y be v(1). Suppose p + 6 = y*p. Suppose -r = -4*n - 0*n + 255, n - 57 = -p*r. What is the tens digit of n?
6
Suppose 0 = 133*l + 90*l - 5547125. What is the tens digit of l?
7
Let l = 6396 + -4363. What is the units digit of l?
3
Let v(s) = 21*s - 174. Let j be v(18). Let g = j + 261. What is the tens digit of g?
6
Suppose 0 = -2*u - 0*u - 5*p + 25, 6 = 2*p. Suppose -3 + u = -z. What is the units digit of (-1011)/(-21) + 4 - z/(-14)?
2
Suppose 4*r = -o - 15830 + 73730, 0 = 5*o. What is the units digit of r?
5
Let u be ((-2)/(-5) - 10/25) + 7. Suppose -2*w + 117 = u*w. What is the units digit of 5 + (-15)/3 + 10*w?
0
What is the ten thousands digit of 96 - 71 - (-30149 - 5)?
3
Let c = -5574 + 11332. What is the tens digit of c?
5
Let k = -366 + 390. Suppose k*y - 954 = 24630. What is the thousands digit of y?
1
Let k be ((-26)/4 + 2)/(9/234). Let p = 74 - k. What is the units digit of p?
1
Suppose -5*n + 2*n + 190 = -2*r, -4*n - 2*r = -272. Let l = n + -68. What is the tens digit of l*(-1)/2*242?
4
Suppose -3*c + 5*n + 331 = 0, 2*c - 2*n - 241 = -23. Suppose c = 23*f - 215. What is the tens digit of f?
1
Let y(t) = -t**3 + 32*t**2 - 28*t - 79. Let h be y(21). Suppose -8*o + 15768 = h. What is the thousands digit of o?
1
Suppose 0 = 5*f - 5, -2*q + 0*f - 4 = 4*f. Let d be 39905/69 - (q/(-3) + -2). Suppose 7*a - d - 142 = 0. What is the units digit of a?
3
Let p be ((-9)/(-5) + -1)*(195 + -180). What is the units digit of (78/p - -4)/((-1)/(-94))?
7
Let y be (244/(-9))/4 - (-26)/(-117). What is the units digit of (-5353)/y + (-42)/(-147)?
5
Let w = 49 + -39. Suppose 16*c - 18*c + w = 0. Suppose 0*t - 280 = -4*t + p, 0 = -c*t + p + 351. What is the units digit of t?
1
Let n(z) = z - 28. Let y be n(8). Let x be (-10)/y - 2/(8/(-14)). Suppose 3 + 7 = -5*d, -x*d = -4*u + 856. What is the hundreds digit of u?
2
Suppose -23*z + 498635 = -72041. What is the ten thousands digit of z?
2
Let w(p) = -2*p**2 + 28*p + 28. Let q be w(15). Let t be q/(-11) + (-155)/(-55). What is the tens digit of 1 + (127 - (-4 + t))?
2
Let h = 74 - -199. Suppose 3*s - 1191 + h = 0. What is the units digit of s?
6
Suppose -1308*x = -1292*x - 24775 - 5273. What is the tens digit of x?
7
Suppose 3*o = 9*o - 480. Let r be -4 - (o/(-5) - -4). Suppose -r*f + 407 = -1033. What is the hundreds digit of f?
1
Suppose -v + 4*v - 12 = 0, 5*q - v = 3891. Suppose 2*u - q = -c, 0 = u - 4*c + 2*c - 402. What is the hundreds digit of u?
3
Let v(n) = -3 + 2*n + 3*n**2 + 21*n**2 + 22*n + n**3 + 0*n**3. Let k be v(-23). Let r = -23 - k. What is the units digit of r?
3
Let l(u) = u**2 + 15*u + 56. Let r be l(-7). Suppose r = -13*c - 8*c + 3444. What is the hundreds digit of c?
1
Let a(f) = -3*f**3 - 4*f**2 - 6*f - 3. Let z be a(-1). Suppose -n + 207 = c, -5*n + 1450 - 436 = -z*c. What is the tens digit of n?
0
Suppose 15*f - 28*f + 58942 = 0. What is the hundreds digit of f?
5
Let b be (-10)/3*51/(-85). Suppose -212 = -y + 5*k, -5*y - b*k + 1285 = 360. What is the hundreds digit of y?
1
Let p = 22374 - 18609. What is the units digit of p?
5
Suppose 94*y - 10*y - 25313 = 1666111. What is the units digit of y?
6
Suppose -66*s + 15541 = -619687 - 435424. What is the units digit of s?
2
Let b(m) = m**2 - 9*m + 2. Let o = 97 + -88. Let g be b(o). Suppose -g*u - 516 = -5*u. What is the tens digit of u?
7
Suppose -3*u + 3*k - k = -5336, 3*u - 5*k - 5330 = 0. What is the hundreds digit of u?
7
Suppose -366*f = -358*f - 139672. What is the thousands digit of f?
7
Let l(p) = -2*p + 25. Let v be l(9). Suppose -3*b + 14 = 5*h, 4*b = 5*h - 0*h + v. What is the tens digit of h - (16 - -1)/(3/(-12))?
6
Let j(x) = 7*x**2 - 3*x**3 - 9*x**2 - 9*x + 0*x**2 + 14. Let p be j(-11). What is the units digit of p/30 + 2/10?
9
Suppose 3*u - 3*f - 108 = 0, -2*f = -u - 2*u + 103. Suppose 136 - 17 = 2*r - 5*k, 0 = -4*r - 4*k + 224. Let n = r - u. What is the tens digit of n?
2
Let p = 154 + -114. Suppose -p*c = -42*c + 266. What is the hundreds digit of c?
1
Suppose 907*d + 16 = 909*d. Suppose d*x = i + 3*x - 676, 3*x + 668 = i. What is the units digit of i?
6
Suppose -5*x = 5, -l - 3*l = 4*x - 156. Let v = -40 + l. Suppose 122 = 4*q + 2*b, 5*q + v*b + 3*b = 153. What is the tens digit of q?
3
Suppose -m = -1, 8*m = 2*p + 4*m - 6. Suppose p*x - 147 - 203 = 0. Let k = x - 67. What is the units digit of k?
3
Let k(p) = -p**2 - 12*p + 163. Let z be k(-20). Suppose -14*i + z*i = -10296. What is the tens digit of i?
3
Let j(v) = v**3 + 11*v**2 - 14*v - 15. Let p be j(-12). Suppose -3*d + p = -o, 2 + 2 = -4*d - 4*o. What is the tens digit of 192/4 - (-3 + d)?
4
Let z = -1 - -1. Let n = 846 - 846. Suppose z = 2*s - n - 322. What is the units digit of s?
1
Let t be 482 + -2 - (-40)/20. Suppose 0*i = -4*q - 2*i + 1928, q + 3*i = t. What is the hundreds digit of q?
4
Suppose -2*m + 856 = v - 1219, 6233 = 3*v - 2*m. What is the thousands digit of v?
2
Suppose -27 = -19*u + 30. Suppose -502 = -t - u*m, 35*m - 37*m = -4*t + 2008. What is the units digit of t?
2
Suppose 151 = l - 3406. What is the units digit of l?
7
Suppose 257 + 13 = 9*z. Suppose -z*a + 32*a - 6 = 0. Suppose -a*k = -16*k + 3887. What is the tens digit of k?
9
Let a(u) = -317*u - 15687. What is the thousands digit of a(-115)?
0
Let u = 115 + 396. Let r = u - 313. Suppose r - 32 = 2*g. What is the units digit of g?
3
Suppose 2*u - 3*u + 17 = 0. Suppose -129 + u = 4*t. What is the units digit of 4/(-14) - 92/t?
3
Let q be (1 + 2/6)/((-28)/(-84)). Suppose -q*c + 0*v = 4*v - 32, -3 = -v. Suppose -572 = -5*n + h, -3*n + 45 = c*h - 287. What is the tens digit of n?
1
Suppose 115*g - 117*g + 21296 = 4*w, -2*w = 8. What is the ten thousands digit of g?
1
Let n(g) = -5*g**3 + 7*g - 3. Let i(b) = -5*b**3 + b**2 + 8*b - 3. Let x(q) = 2*i(q) - 3*n(q). Let v be x(3). Let h = v - 101. What is the units digit of h?
0
Let i(a) = -21*a - 10. Suppose 5*l = -20, -23 + 5 = -z + 3*l. Suppose -4*n + z*n = -12. What is the units digit of i(n)?
6
Suppose 10*g - 21594 = 19426. What is the thousands digit of g?
4
Let v(m) = m + 2. Let g(i) = -12*i - 1. Let y(w) = 3*g(w) - 15*v(w). What is the tens digit of y(-6)?
7
Let o(j) = 22*j**2 + 2*j - 12. Let y be (0 - -4) + (-3 - -2). What is the units digit of o(y)?
2
Suppose 0 = 3*o + 13*i - 9*i - 81620, -135972 = -5*o + i. What is the hundreds digit of o?
1
Let p be (-2)/8 - (0 - 42/(-24)). Let y be -4 + -3 - -3 - 6/p. What is the units digit of (39 - (-5 - -5))*y/(-1)?
9
Suppose 0 = 5*j - 2*j + 3, j - 359 = -5*w. Suppose 30*h - 38*h + w = 0. Suppose -s + 61 + h = 0. What is the units digit of s?
0
Let h = 43 + -10. Let o be h + 1 - (-1)/((-1)/(-2)). Suppose -9*f = -7*f - o. What is the units digit of f?
8
Let p(m) = -27*m**2 - 5*m + 5. Let o be p(1). Let j be ((-15)/4)/(o/(-72)). Let r(x) = x**2 + 6*x + 2. What is the units digit of r(j)?
2
Suppose 6*i - 6 = 9*i. Let l(s) = -219*s**3 - 2*s - 6. What is the units digit of l(i)?
0
Let i(j) = -6467*j + 915. What is the units digit of i(-3)?
6
Let j = 104357 + -31230. What is the ten thousands digit of j?
7
Suppose -58 = -4*k + 2*h, -20 = -k - h - 1. Suppose -k*x + 1716 = 6*x. What is the units digit of x?
8
Let g(h) be the second derivative of h**6/120 + h**5/30 - 3*h**4/8 - 5*h**3/6 + 2*h. Let o(n) be the second derivative of g(n). What is the tens digit of o(-5)?
4
Let u(i) = -211*i - 1. Let h be (-1)/(((-18)/(-60))/(3/5)). What is the hundreds digit of u(h)?
4
Suppose 228*g = 235*g - 203. Suppose q = -g*q + 15450. What is the units digit of q?
5
Let o(s) = 16*s**2 - 52*s - 139. What is the thousands digit of o(-48)?
9
Let g = 68 - 58. Let k be 1/((-2)/(-8) - g/72). What is the tens digit of 354*(6/k + 2/(-12))?
7
Let z = 47215 - 22141. What is the ten thousands digit of z?
2
Let w = 5 + 5. Let v be 27209/35 + (-4)/w. Suppose 3*q - v = -4*q. What is the hundreds digit of q?
1
Suppose x - 754 = -5*c + 1207, -5*x + c + 9883 = 0. What is the units digit of x?
6
Suppose -4*n + 2*l + 17 = -13, 2*n - 2*l - 10 = 0. Suppose n = 4*v + 102. Let m = -18 - v. What is the units digit of m?
5
Suppose 0 = -4*c - 2*l - 132, 39*c - 136 = 43*c + l.